ed by 63?
60
Suppose -2*d + g + 31 = 0, 72*d = 65*d - 5*g + 83. Calculate the remainder when 293 is divided by d.
13
Let c = -900 + 1311. Calculate the remainder when c is divided by 52.
47
Let k be (-330)/(-4)*22/3. Suppose 5*d + 0*r - k = -4*r, 385 = 3*d - 2*r. What is the remainder when d is divided by 190/6 - 6/(-18)?
29
Calculate the remainder when 56 is divided by (7 - 212/(-14)) + (-2)/14.
12
Let j be (-1)/4 - (7 - (-111)/(-12)). Suppose -2*d = -j*s + 28, s + 2*d - d = 16. What is the remainder when s is divided by 4?
3
Suppose 57 + 42 = 9*n. Let c = n + 7. Calculate the remainder when 50 is divided by c.
14
Suppose -3*a + 3*n + 22 = 4, a - 3*n = 14. Suppose -3*m + 32 = 4*z + m, 0 = -4*z + a*m + 8. Calculate the remainder when 15 is divided by z.
3
Let g = -2084 - -2099. What is the remainder when 868 is divided by g?
13
Let y be (-162)/(-8) - ((-14)/8)/(-7). Suppose q + 3*f - 45 = -10, 2*q - y = 4*f. Calculate the remainder when 98 is divided by q.
18
Let i be (0 - 0) + 16/4. Suppose i*v = v + 30. Calculate the remainder when 36 is divided by v.
6
Let f(h) = -h**2 + 2*h + 5. Let x be f(4). Let t = x + 20. Calculate the remainder when 2/((-2)/(1 - 33)) is divided by t.
15
Let x = 107 + -102. Suppose 5*c = -x*c + 90. What is the remainder when 25 is divided by c?
7
Calculate the remainder when 149 is divided by 35 + 3 + -1 - 1.
5
Let s = 18 - 10. Suppose -2*z = -4*g + 42 + 34, 4*z + s = 0. Calculate the remainder when 70 is divided by g.
16
Suppose 2*p = -3*j + 54, -22*j + 19*j = 3*p - 81. Suppose 0 = 2*l + g + g - 206, 2*g + 319 = 3*l. What is the remainder when l is divided by p?
24
Calculate the remainder when 375/(-6)*(-72)/30 is divided by 51.
48
Suppose 0 = -5*d + 41 - 16. Let l = -1099 + 1104. What is the remainder when l is divided by d?
0
Let i(u) = -51*u + 4. Suppose -4*q = 16 - 0. Let m be i(q). Let o = m - 130. What is the remainder when o is divided by 20?
18
Let q(t) = t**2 - 17*t + 7. Let w be q(17). What is the remainder when (42/4)/(w/14) is divided by 8?
5
Suppose 0 = -0*n - 3*n - 312. Suppose 9*i + 116 = 5*i. Let q = i - n. Calculate the remainder when q is divided by 19.
18
Let t(a) = 3*a + 2. Let o be t(2). Let x be (-6)/(-4)*o/6. Calculate the remainder when x/8*(3 - -65) is divided by 6.
5
Let p(z) = -3*z - 43. What is the remainder when 13 is divided by p(-16)?
3
Let z be ((-5)/2)/(-5 + (-9)/(-2)). Suppose -m - 2*n = -13, -2*m = -z*n - 13 + 32. Calculate the remainder when 1 + -1 - (-17 + 0) is divided by m.
2
Let x = -9 - -29. Let h(v) = v + 13. What is the remainder when x is divided by h(-6)?
6
Suppose -4*x + 47 = 7. Let p(u) = -u**3 - 2*u**2 + u + 1. Let l be p(-1). Let q = x - l. Calculate the remainder when 19 is divided by q.
8
Let x be (4/(-6))/((-17)/153). Suppose 2*k - 12 = -4*d, 3*k - 18 = -0*d - d. What is the remainder when k is divided by 1/8*x*4?
0
Calculate the remainder when 508 is divided by 128/(-10)*(-7 + 30/(-10)).
124
Suppose -3*i = 2*i - 100. Let q be (-34 + 0)*i/8. What is the remainder when 55 is divided by 1/(-3) + q/(-3)?
27
Let o(j) = 58*j + 2. Let z be o(2). Suppose -2*q - z = -2*s, q - 5*q = -5*s + 298. Suppose 4*h - 43 - 9 = 0. What is the remainder when s is divided by h?
10
Suppose 241*j - c = 243*j - 101, -2*j + c + 91 = 0. Calculate the remainder when 1055 is divided by j.
47
Let w = 797 + -794. Calculate the remainder when 5 is divided by w.
2
Suppose -56*u - 546 = -69*u. What is the remainder when 419 is divided by u?
41
Suppose 3*y = -0*d + d + 164, 0 = 5*y + 2*d - 255. Let c(i) = -5*i + 5. Let f be c(3). Let w = y + f. Calculate the remainder when w is divided by 11.
10
Suppose 65 - 2529 = -32*c. Calculate the remainder when c is divided by 18.
5
Calculate the remainder when (132/231)/((-4)/(-14)) - -93 is divided by 24.
23
Let f(d) = -19*d**3 + d**2 - 5. Let x be (36 - 31) + 7/(-1). What is the remainder when f(x) is divided by 38?
37
Let n(g) = -g**3 + 18*g**2 + 18*g + 29. Calculate the remainder when 147 is divided by n(19).
7
Let r(h) be the second derivative of 0 + 1/2*h**2 + 2*h + 11/6*h**3. What is the remainder when 33 is divided by r(1)?
9
Let v be ((-154)/6)/(((-1)/(-3))/(-1)). Let j = -72 + v. Calculate the remainder when 18 is divided by j.
3
Suppose -5*t + 8*f + 7 = 0, 3 = 5*t + f - 13. Suppose 0*z + 2*z = 4*w - 42, -2*w - 2*z = -6. Calculate the remainder when w is divided by t.
2
What is the remainder when 55 is divided by 14*(22/60 - (-18)/135)?
6
Let c(h) = h**3 + 18*h**2 + 17*h. Let m be c(-17). Suppose m = -5*z + 3*a + 153, -z + 6*z - 4*a - 154 = 0. Calculate the remainder when z is divided by 16.
14
Let f(m) = m**2 - m - 13. Let a be f(4). Let j(h) = -9*h**3 - 3*h**2 - 4*h - 2. Let u = -3 + 33. What is the remainder when u is divided by j(a)?
6
Calculate the remainder when (-18640)/(-32)*4*(-4)/(-40) is divided by 62.
47
Let l(p) = 5*p**2 + p - 13. Let c(a) = -2*a**2 - a + 7. Let z(j) = 11*c(j) + 6*l(j). Calculate the remainder when 106 is divided by z(-1).
10
Suppose 68*n + 2959 = 79*n. What is the remainder when n is divided by 16?
13
Let k(z) = -z**2 + 7*z - 6. Let g be k(2). Suppose -2*i = -g, -5*l - 3*i = 2 - 13. Calculate the remainder when 2/7 + (-38)/(-14) is divided by l.
0
Let y = 501 + -441. Calculate the remainder when 235 is divided by y.
55
Let y = -578 + 580. Calculate the remainder when 6 is divided by y.
0
Let f be 25*(15 - 14 - (-3)/(-5)). Suppose -5*c = f, -2*c + 77 = 5*v - 3*c. Let x = 5 - 1. What is the remainder when v is divided by x?
3
Suppose 6*y = 2*y - 60. Let p = y + 21. Calculate the remainder when p is divided by 3.
0
Suppose 460*g - 480*g = -700. What is the remainder when 3043 is divided by g?
33
Suppose -48 + 2 = 2*x. Let f = x - -24. Suppose n = f + 17. Calculate the remainder when 50 is divided by n.
14
Let n(q) = 2*q. Suppose 11*f - 16*f + 515 = 0. Let m = -63 + f. What is the remainder when m is divided by n(7)?
12
Calculate the remainder when 39 is divided by -7*(3 - 2)*-1.
4
Let u(g) = -g**2 - 21*g - 33. Let m(k) = 3*k**2 - 2*k - 1. Let h be m(-1). Calculate the remainder when u(-15) is divided by h/18 - (-1064)/72.
12
Suppose 9 + 3 = 6*l. Suppose -l*k + k = -28. What is the remainder when k is divided by 15?
13
What is the remainder when (-3562)/(-65) + 2 + (-27)/15 is divided by 15?
10
Suppose -5*n - 3*z + 1566 = 0, -3*n = -485*z + 482*z - 954. Calculate the remainder when n is divided by 110.
95
Let q = 60 + -37. Calculate the remainder when q is divided by 130/(-5)*3/(-6).
10
Calculate the remainder when 930/5 + (5 - 2 - 5) is divided by 47.
43
Let v(f) = 17*f**3 - 2*f + 1. Let o(n) = 5*n**2 + 2*n + 4. Let w be o(3). Let k = -26 + w. Calculate the remainder when k is divided by v(1).
13
Let k = 35 + -19. Let g = -9 + k. What is the remainder when 23 is divided by g?
2
Suppose 10*o = -130 + 190. What is the remainder when 74 is divided by o?
2
Suppose 6*y - y = 80. Let g = y - 14. Suppose 21 = 3*h - 2*h + g*w, 0 = w. What is the remainder when h is divided by 12?
9
Let h(t) = -7*t**3 + 2*t**2 - 3*t + 2. What is the remainder when h(-2) is divided by 21?
9
Let s = 308 + -172. What is the remainder when s is divided by 47?
42
Let w(k) = 18*k**2 + k. What is the remainder when 49 is divided by w(-1)?
15
Let d = 73 - 35. Suppose -5*l - d = -2*r, 3*l + 25 = 3*r - 32. What is the remainder when 150 is divided by r?
17
Let p = -90 + 72. Let f(d) = -d + 27. Calculate the remainder when 132 is divided by f(p).
42
Let j be (12 - 10) + (-24)/(-1). Calculate the remainder when 29 is divided by (-1)/(-2)*(j + -6).
9
Suppose 5*i - 31 - 44 = 0. Suppose -3*v - 64 = y, 0 = -v - 3*y - 1 - 7. Let b = v + 32. Calculate the remainder when i is divided by b.
6
What is the remainder when 254 is divided by 312/10 - (59/(-5) - -11)?
30
Let f be 2/4 + 20/8. Suppose -f*y + 28 = y. Let z(h) = h**3 - 7*h**2 + 2*h - 4. What is the remainder when z(y) is divided by 3?
1
Calculate the remainder when 43 is divided by (3*95/(-15))/(-1).
5
Suppose a = 3*n - 5*n + 133, -3*n + 180 = -5*a. Calculate the remainder when 181 is divided by n.
51
Let t = 66 - 45. Let q = -8 + t. Let s = q - 11. What is the remainder when 2 is divided by s?
0
Suppose -q - 2*d - 10 = 0, 5*q - d = 2*d + 2. What is the remainder when 49 is divided by (-11)/(-22) + (-25)/q?